{"id":1579,"date":"2022-02-21T10:43:48","date_gmt":"2022-02-21T10:43:48","guid":{"rendered":"https:\/\/hanfimexretail.vn\/?post_type=product&#038;p=1579"},"modified":"2024-01-12T11:40:27","modified_gmt":"2024-01-12T04:40:27","slug":"hon-hop-hat-mix-nuts","status":"publish","type":"product","link":"https:\/\/hanfimexretail.vn\/?product=hon-hop-hat-mix-nuts","title":{"rendered":"H\u1ed7n h\u1ee3p h\u1ea1t Mix Nuts"},"content":{"rendered":"<p>S\u1ea3n ph\u1ea9m dinh d\u01b0\u1ee1ng v\u1edbi s\u1ef1 k\u1ebft h\u1ee3p c\u1ee7a c\u00e1c lo\u1ea1i h\u1ea1t: h\u1ea1t \u0111i\u1ec1u, h\u1ea1nh nh\u00e2n, macca, \u00f3c ch\u00f3, b\u00ed xanh ph\u00f9 h\u1ee3p v\u1edbi ch\u1ebf \u0111\u1ed9 dinh d\u01b0\u1ee1ng \u0103n l\u00e0nh m\u1ea1nh, l\u00e0 ngu\u1ed3n d\u01b0\u1ee1ng ch\u1ea5t d\u1ed3i d\u00e0o v\u1edbi s\u1ef1 b\u1ed5 sung \u0111\u1ea7y \u0111\u1ee7 qua c\u00e1c lo\u1ea1i h\u1ea1t v\u00e0 tr\u00e1i c\u00e2y c\u00f3 l\u1ee3i cho s\u1ee9c kh\u1ecfe, c\u00f3 th\u1ec3 thay th\u1ebf b\u1eefa \u0103n nh\u1eb9 trong ng\u00e0y, ho\u1eb7c k\u1ebft h\u1ee3p b\u1ed5 sung trong b\u1eefa \u0103n ch\u00ednh.<\/p>\n","protected":false},"excerpt":{"rendered":"<p>S\u1ea3n ph\u1ea9m dinh d\u01b0\u1ee1ng v\u1edbi s\u1ef1 k\u1ebft h\u1ee3p c\u1ee7a c\u00e1c lo\u1ea1i h\u1ea1t: h\u1ea1t \u0111i\u1ec1u, h\u1ea1nh nh\u00e2n, macca, \u00f3c ch\u00f3, b\u00ed xanh ph\u00f9 h\u1ee3p v\u1edbi ch\u1ebf \u0111\u1ed9 dinh d\u01b0\u1ee1ng \u0103n l\u00e0nh m\u1ea1nh, l\u00e0 ngu\u1ed3n d\u01b0\u1ee1ng ch\u1ea5t d\u1ed3i d\u00e0o v\u1edbi s\u1ef1 b\u1ed5 sung \u0111\u1ea7y \u0111\u1ee7 qua c\u00e1c lo\u1ea1i h\u1ea1t v\u00e0 tr\u00e1i c\u00e2y c\u00f3 l\u1ee3i cho s\u1ee9c kh\u1ecfe, c\u00f3 th\u1ec3 thay th\u1ebf b\u1eefa \u0103n nh\u1eb9 trong ng\u00e0y, ho\u1eb7c k\u1ebft h\u1ee3p b\u1ed5 sung trong b\u1eefa \u0103n ch\u00ednh.<\/p>\n","protected":false},"featured_media":2135,"comment_status":"open","ping_status":"closed","template":"","meta":[],"product_cat":[15],"product_tag":[],"_links":{"self":[{"href":"https:\/\/hanfimexretail.vn\/index.php?rest_route=\/wp\/v2\/product\/1579"}],"collection":[{"href":"https:\/\/hanfimexretail.vn\/index.php?rest_route=\/wp\/v2\/product"}],"about":[{"href":"https:\/\/hanfimexretail.vn\/index.php?rest_route=\/wp\/v2\/types\/product"}],"replies":[{"embeddable":true,"href":"https:\/\/hanfimexretail.vn\/index.php?rest_route=%2Fwp%2Fv2%2Fcomments&post=1579"}],"wp:featuredmedia":[{"embeddable":true,"href":"https:\/\/hanfimexretail.vn\/index.php?rest_route=\/wp\/v2\/media\/2135"}],"wp:attachment":[{"href":"https:\/\/hanfimexretail.vn\/index.php?rest_route=%2Fwp%2Fv2%2Fmedia&parent=1579"}],"wp:term":[{"taxonomy":"product_cat","embeddable":true,"href":"https:\/\/hanfimexretail.vn\/index.php?rest_route=%2Fwp%2Fv2%2Fproduct_cat&post=1579"},{"taxonomy":"product_tag","embeddable":true,"href":"https:\/\/hanfimexretail.vn\/index.php?rest_route=%2Fwp%2Fv2%2Fproduct_tag&post=1579"}],"curies":[{"name":"wp","href":"https:\/\/api.w.org\/{rel}","templated":true}]}}