{"id":1523,"date":"2022-02-21T10:18:46","date_gmt":"2022-02-21T10:18:46","guid":{"rendered":"https:\/\/hanfimexretail.vn\/?post_type=product&#038;p=1523"},"modified":"2025-11-17T23:48:28","modified_gmt":"2025-11-17T16:48:28","slug":"nhan-hat-oc-cho-do-my","status":"publish","type":"product","link":"https:\/\/hanfimexretail.vn\/?product=nhan-hat-oc-cho-do-my","title":{"rendered":"Nh\u00e2n h\u1ea1t \u00d3c ch\u00f3 \u0111\u1ecf M\u1ef9"},"content":{"rendered":"<div class=\"description woocommerce-product-details__short-description\">\n<p>H\u1ea1t \u00f3c ch\u00f3 M\u1ef9 \u0111\u01b0\u1ee3c thu ho\u1ea1ch t\u1eeb v\u00f9ng California M\u1ef9, t\u1eeb thung l\u0169ng San Joaquin v\u00e0 Sacramento, \u0111\u01b0\u1ee3c coi l\u00e0 vua c\u1ee7a c\u00e1c lo\u1ea1i h\u1ea1t dinh d\u01b0\u1ee1ng. Qu\u1ea3 \u00f3c ch\u00f3 ph\u00e1t huy t\u00e1c d\u1ee5ng t\u1ed1t nh\u1ea5t cho s\u1ef1 ph\u00e1t tri\u1ec3n n\u00e3o b\u1ed9 nh\u1edd l\u01b0\u1ee3ng Omega 3 v\u00e0 c\u00e1c ch\u1ea5t ch\u1ed1ng oxy h\u00f3a hi\u1ebfm g\u1eb7p, r\u1ea5t gi\u00e0u axit b\u00e9o kh\u00f4ng b\u00e3o h\u00f2a \u0111a c\u00f3 kh\u1ea3 n\u0103ng t\u0103ng kh\u1ea3 n\u0103ng mi\u1ec5n d\u1ecbch \u0111\u01b0\u1eddng ru\u1ed9t cho tr\u1ebb nh\u1ecf, gi\u00e0u vitamin B comlex nh\u01b0 Folate, Riboflavin, Thiamin\u2026nh\u1eefng d\u01b0\u1ee1ng ch\u1ea5t c\u1ea7n thi\u1ebft cho s\u1ef1 ph\u00e1t tri\u1ec3n c\u1ee7a thai nhi v\u00e0 b\u00e0 b\u1ea7u.<\/p>\n<\/div>\n","protected":false},"excerpt":{"rendered":"<p>H\u1ea1t \u00f3c ch\u00f3 M\u1ef9 \u0111\u01b0\u1ee3c thu ho\u1ea1ch t\u1eeb v\u00f9ng California M\u1ef9, t\u1eeb thung l\u0169ng San Joaquin v\u00e0 Sacramento, \u0111\u01b0\u1ee3c coi l\u00e0 vua c\u1ee7a c\u00e1c lo\u1ea1i h\u1ea1t dinh d\u01b0\u1ee1ng. Qu\u1ea3 \u00f3c ch\u00f3 ph\u00e1t huy t\u00e1c d\u1ee5ng t\u1ed1t nh\u1ea5t cho s\u1ef1 ph\u00e1t tri\u1ec3n n\u00e3o b\u1ed9 nh\u1edd l\u01b0\u1ee3ng Omega 3 v\u00e0 c\u00e1c ch\u1ea5t ch\u1ed1ng oxy h\u00f3a hi\u1ebfm g\u1eb7p, r\u1ea5t gi\u00e0u axit b\u00e9o kh\u00f4ng b\u00e3o h\u00f2a \u0111a c\u00f3 kh\u1ea3 n\u0103ng t\u0103ng kh\u1ea3 n\u0103ng mi\u1ec5n d\u1ecbch \u0111\u01b0\u1eddng ru\u1ed9t cho tr\u1ebb nh\u1ecf, gi\u00e0u vitamin B comlex nh\u01b0 Folate, Riboflavin, Thiamin\u2026nh\u1eefng d\u01b0\u1ee1ng ch\u1ea5t c\u1ea7n thi\u1ebft cho s\u1ef1 ph\u00e1t tri\u1ec3n c\u1ee7a thai nhi v\u00e0 b\u00e0 b\u1ea7u.<\/p>\n","protected":false},"featured_media":2119,"comment_status":"open","ping_status":"closed","template":"","meta":[],"product_cat":[15],"product_tag":[],"_links":{"self":[{"href":"https:\/\/hanfimexretail.vn\/index.php?rest_route=\/wp\/v2\/product\/1523"}],"collection":[{"href":"https:\/\/hanfimexretail.vn\/index.php?rest_route=\/wp\/v2\/product"}],"about":[{"href":"https:\/\/hanfimexretail.vn\/index.php?rest_route=\/wp\/v2\/types\/product"}],"replies":[{"embeddable":true,"href":"https:\/\/hanfimexretail.vn\/index.php?rest_route=%2Fwp%2Fv2%2Fcomments&post=1523"}],"wp:featuredmedia":[{"embeddable":true,"href":"https:\/\/hanfimexretail.vn\/index.php?rest_route=\/wp\/v2\/media\/2119"}],"wp:attachment":[{"href":"https:\/\/hanfimexretail.vn\/index.php?rest_route=%2Fwp%2Fv2%2Fmedia&parent=1523"}],"wp:term":[{"taxonomy":"product_cat","embeddable":true,"href":"https:\/\/hanfimexretail.vn\/index.php?rest_route=%2Fwp%2Fv2%2Fproduct_cat&post=1523"},{"taxonomy":"product_tag","embeddable":true,"href":"https:\/\/hanfimexretail.vn\/index.php?rest_route=%2Fwp%2Fv2%2Fproduct_tag&post=1523"}],"curies":[{"name":"wp","href":"https:\/\/api.w.org\/{rel}","templated":true}]}}