{"id":1515,"date":"2022-02-21T10:13:26","date_gmt":"2022-02-21T10:13:26","guid":{"rendered":"https:\/\/hanfimexretail.vn\/?post_type=product&#038;p=1515"},"modified":"2022-03-11T09:54:18","modified_gmt":"2022-03-11T02:54:18","slug":"nhan-macca-uc-vo-nua","status":"publish","type":"product","link":"https:\/\/hanfimexretail.vn\/?product=nhan-macca-uc-vo-nua","title":{"rendered":"Nh\u00e2n Macca \u00dac v\u1ee1 n\u1eeda"},"content":{"rendered":"<p>H\u1ea1t macca \u00dac l\u00e0 lo\u1ea1i h\u1ea1t macca v\u1edbi ch\u1ea5t l\u01b0\u1ee3ng h\u00e0ng \u0111\u1ea7u th\u1ecb tr\u01b0\u1eddng, gi\u1eef tr\u1ecdn v\u1eb9n \u0111\u01b0\u1ee3c gi\u00e1 tr\u1ecb v\u00e0 h\u00e0m l\u01b0\u1ee3ng dinh d\u01b0\u1ee1ng cao v\u1edbi v\u1ecb ng\u1ecdt nh\u1eb9, th\u01a1m gi\u00f2n r\u1ea5t ngon mi\u1ec7ng. Th\u1ef1c t\u1ebf trong m\u1ed7i h\u1ea1t c\u00f3 \u0111\u1ebfn 20 lo\u1ea1i vi kho\u00e1ng c\u00f9ng acid b\u00e9o n\u00ean c\u00f3 l\u1ee3i cho h\u1ec7 mi\u1ec5n d\u1ecbch, ng\u0103n ng\u1eeba virus \u0111\u1ed9c h\u1ea1i, th\u00fac \u0111\u1ea9y nh\u00e2n t\u1ed1 mi\u1ec5n d\u1ecbch ph\u00e1t tri\u1ec3n; ch\u1ee9a acid b\u00e9o omega 3 l\u00e0m gi\u1ea3m cholesterol, ng\u0103n ng\u1eeba x\u01a1 v\u1eefa \u0111\u1ed9ng m\u1ea1ch n\u00ean gi\u1ea3m thi\u1ec3u nguy c\u01a1 \u0111au tim hay c\u00e1c c\u01a1n \u0111\u1ed9t qu\u1ef5 t\u1ed1t. Ngo\u00e0i ra, h\u1ea1t c\u00f2n ch\u1ee9a carbohydrate l\u00e0 lo\u1ea1i ch\u1ea5t x\u01a1 t\u1ed1t cho h\u1ec7 ti\u00eau h\u00f3a, gi\u00fap nhu\u1eadn tr\u00e0ng, \u0111\u1eb9p da.<\/p>\n","protected":false},"excerpt":{"rendered":"<p>H\u1ea1t macca \u00dac l\u00e0 lo\u1ea1i h\u1ea1t macca v\u1edbi ch\u1ea5t l\u01b0\u1ee3ng h\u00e0ng \u0111\u1ea7u th\u1ecb tr\u01b0\u1eddng, gi\u1eef tr\u1ecdn v\u1eb9n \u0111\u01b0\u1ee3c gi\u00e1 tr\u1ecb v\u00e0 h\u00e0m l\u01b0\u1ee3ng dinh d\u01b0\u1ee1ng cao v\u1edbi v\u1ecb ng\u1ecdt nh\u1eb9, th\u01a1m gi\u00f2n r\u1ea5t ngon mi\u1ec7ng. Th\u1ef1c t\u1ebf trong m\u1ed7i h\u1ea1t c\u00f3 \u0111\u1ebfn 20 lo\u1ea1i vi kho\u00e1ng c\u00f9ng acid b\u00e9o n\u00ean c\u00f3 l\u1ee3i cho h\u1ec7 mi\u1ec5n d\u1ecbch, ng\u0103n ng\u1eeba virus \u0111\u1ed9c h\u1ea1i, th\u00fac \u0111\u1ea9y nh\u00e2n t\u1ed1 mi\u1ec5n d\u1ecbch ph\u00e1t tri\u1ec3n; ch\u1ee9a acid b\u00e9o omega 3 l\u00e0m gi\u1ea3m cholesterol, ng\u0103n ng\u1eeba x\u01a1 v\u1eefa \u0111\u1ed9ng m\u1ea1ch n\u00ean gi\u1ea3m thi\u1ec3u nguy c\u01a1 \u0111au tim hay c\u00e1c c\u01a1n \u0111\u1ed9t qu\u1ef5 t\u1ed1t. Ngo\u00e0i ra, h\u1ea1t c\u00f2n ch\u1ee9a carbohydrate l\u00e0 lo\u1ea1i ch\u1ea5t x\u01a1 t\u1ed1t cho h\u1ec7 ti\u00eau h\u00f3a, gi\u00fap nhu\u1eadn tr\u00e0ng, \u0111\u1eb9p da.<\/p>\n","protected":false},"featured_media":2120,"comment_status":"open","ping_status":"closed","template":"","meta":[],"product_cat":[15],"product_tag":[],"_links":{"self":[{"href":"https:\/\/hanfimexretail.vn\/index.php?rest_route=\/wp\/v2\/product\/1515"}],"collection":[{"href":"https:\/\/hanfimexretail.vn\/index.php?rest_route=\/wp\/v2\/product"}],"about":[{"href":"https:\/\/hanfimexretail.vn\/index.php?rest_route=\/wp\/v2\/types\/product"}],"replies":[{"embeddable":true,"href":"https:\/\/hanfimexretail.vn\/index.php?rest_route=%2Fwp%2Fv2%2Fcomments&post=1515"}],"wp:featuredmedia":[{"embeddable":true,"href":"https:\/\/hanfimexretail.vn\/index.php?rest_route=\/wp\/v2\/media\/2120"}],"wp:attachment":[{"href":"https:\/\/hanfimexretail.vn\/index.php?rest_route=%2Fwp%2Fv2%2Fmedia&parent=1515"}],"wp:term":[{"taxonomy":"product_cat","embeddable":true,"href":"https:\/\/hanfimexretail.vn\/index.php?rest_route=%2Fwp%2Fv2%2Fproduct_cat&post=1515"},{"taxonomy":"product_tag","embeddable":true,"href":"https:\/\/hanfimexretail.vn\/index.php?rest_route=%2Fwp%2Fv2%2Fproduct_tag&post=1515"}],"curies":[{"name":"wp","href":"https:\/\/api.w.org\/{rel}","templated":true}]}}