{"id":1489,"date":"2022-02-21T09:55:54","date_gmt":"2022-02-21T09:55:54","guid":{"rendered":"https:\/\/hanfimexretail.vn\/?post_type=product&#038;p=1489"},"modified":"2025-10-23T04:00:14","modified_gmt":"2025-10-22T21:00:14","slug":"hat-bi-xanh","status":"publish","type":"product","link":"https:\/\/hanfimexretail.vn\/?product=hat-bi-xanh","title":{"rendered":"H\u1ea1t b\u00ed xanh"},"content":{"rendered":"<p>H\u1ea1t b\u00ed xanh c\u00f3 ch\u1ee9a nhi\u1ec1u lo\u1ea1i kho\u00e1ng ch\u1ea5t v\u00e0 vitamin c\u1ea7n thi\u1ebft cho c\u01a1 th\u1ec3 con ng\u01b0\u1eddi nh\u01b0 protein, magie, mangan, \u0111\u1ed3ng, k\u1ebdm,\u2026 B\u00ean c\u1ea1nh \u0111\u00f3, h\u1ea1t b\u00ed c\u0169ng ch\u1ee9a c\u00e1c h\u1ee3p ch\u1ea5t th\u1ef1c v\u1eadt (phytosterols) v\u00e0 c\u00e1c ch\u1ea5t ch\u1ed1ng oxy ho\u00e1 gi\u00fap ng\u0103n ng\u1eeba, lo\u1ea1i b\u1ecf c\u00e1c g\u1ed1c t\u1ef1 do, t\u0103ng c\u01b0\u1eddng s\u1ee9c kh\u1ecfe cho c\u01a1 th\u1ec3.<\/p>\n<p>Trong h\u1ea1t b\u00ed xanh c\u00f3 l\u01b0\u1ee3ng ch\u1ea5t x\u01a1 cao c\u00f3 l\u1ee3i cho s\u1ee9c kh\u1ecfe. Kh\u00f4ng ch\u1ec9 th\u1ebf, th\u00e0nh ph\u1ea7n dinh d\u01b0\u1ee1ng h\u1ea1t b\u00ed c\u00f2n ch\u1ee9a r\u1ea5t nhi\u1ec1u d\u01b0\u1ee1ng ch\u1ea5t quan tr\u1ecdng \u0111\u1ed1i v\u1edbi c\u01a1 th\u1ec3 m\u00e0 c\u00e1c th\u1ef1c ph\u1ea9m, h\u1ea1t kh\u00e1c kh\u00f4ng \u0111\u00e1p \u1ee9ng \u0111\u01b0\u1ee3c nh\u01b0 vitamin A, B1, B2, vitamin C, Niacin, canxi, photpho v\u00e0 s\u1eaft, ch\u1ea5t b\u00e9o, protein, carbohydrate\u2026 v\u00e0 c\u01a1 th\u1ec3 r\u1ea5t d\u1ec5 h\u1ea5p thu.<\/p>\n","protected":false},"excerpt":{"rendered":"<p>H\u1ea1t b\u00ed xanh c\u00f3 ch\u1ee9a nhi\u1ec1u lo\u1ea1i kho\u00e1ng ch\u1ea5t v\u00e0 vitamin c\u1ea7n thi\u1ebft cho c\u01a1 th\u1ec3 con ng\u01b0\u1eddi nh\u01b0 protein, magie, mangan, \u0111\u1ed3ng, k\u1ebdm,\u2026 B\u00ean c\u1ea1nh \u0111\u00f3, h\u1ea1t b\u00ed c\u0169ng ch\u1ee9a c\u00e1c h\u1ee3p ch\u1ea5t th\u1ef1c v\u1eadt (phytosterols) v\u00e0 c\u00e1c ch\u1ea5t ch\u1ed1ng oxy ho\u00e1 gi\u00fap ng\u0103n ng\u1eeba, lo\u1ea1i b\u1ecf c\u00e1c g\u1ed1c t\u1ef1 do, t\u0103ng c\u01b0\u1eddng s\u1ee9c kh\u1ecfe cho c\u01a1 th\u1ec3.<\/p>\n<p>Trong h\u1ea1t b\u00ed xanh c\u00f3 l\u01b0\u1ee3ng ch\u1ea5t x\u01a1 cao c\u00f3 l\u1ee3i cho s\u1ee9c kh\u1ecfe. Kh\u00f4ng ch\u1ec9 th\u1ebf, th\u00e0nh ph\u1ea7n dinh d\u01b0\u1ee1ng h\u1ea1t b\u00ed c\u00f2n ch\u1ee9a r\u1ea5t nhi\u1ec1u d\u01b0\u1ee1ng ch\u1ea5t quan tr\u1ecdng \u0111\u1ed1i v\u1edbi c\u01a1 th\u1ec3 m\u00e0 c\u00e1c th\u1ef1c ph\u1ea9m, h\u1ea1t kh\u00e1c kh\u00f4ng \u0111\u00e1p \u1ee9ng \u0111\u01b0\u1ee3c nh\u01b0 vitamin A, B1, B2, vitamin C, Niacin, canxi, photpho v\u00e0 s\u1eaft, ch\u1ea5t b\u00e9o, protein, carbohydrate\u2026 v\u00e0 c\u01a1 th\u1ec3 r\u1ea5t d\u1ec5 h\u1ea5p thu.<\/p>\n","protected":false},"featured_media":2129,"comment_status":"open","ping_status":"closed","template":"","meta":[],"product_cat":[15],"product_tag":[],"_links":{"self":[{"href":"https:\/\/hanfimexretail.vn\/index.php?rest_route=\/wp\/v2\/product\/1489"}],"collection":[{"href":"https:\/\/hanfimexretail.vn\/index.php?rest_route=\/wp\/v2\/product"}],"about":[{"href":"https:\/\/hanfimexretail.vn\/index.php?rest_route=\/wp\/v2\/types\/product"}],"replies":[{"embeddable":true,"href":"https:\/\/hanfimexretail.vn\/index.php?rest_route=%2Fwp%2Fv2%2Fcomments&post=1489"}],"wp:featuredmedia":[{"embeddable":true,"href":"https:\/\/hanfimexretail.vn\/index.php?rest_route=\/wp\/v2\/media\/2129"}],"wp:attachment":[{"href":"https:\/\/hanfimexretail.vn\/index.php?rest_route=%2Fwp%2Fv2%2Fmedia&parent=1489"}],"wp:term":[{"taxonomy":"product_cat","embeddable":true,"href":"https:\/\/hanfimexretail.vn\/index.php?rest_route=%2Fwp%2Fv2%2Fproduct_cat&post=1489"},{"taxonomy":"product_tag","embeddable":true,"href":"https:\/\/hanfimexretail.vn\/index.php?rest_route=%2Fwp%2Fv2%2Fproduct_tag&post=1489"}],"curies":[{"name":"wp","href":"https:\/\/api.w.org\/{rel}","templated":true}]}}