{"id":2,"date":"2021-08-21T07:13:55","date_gmt":"2021-08-21T00:13:55","guid":{"rendered":"http:\/\/hanfimexretail.vn\/?page_id=2"},"modified":"2022-03-10T10:43:45","modified_gmt":"2022-03-10T03:43:45","slug":"ve-hansia","status":"publish","type":"page","link":"https:\/\/hanfimexretail.vn\/?page_id=2","title":{"rendered":"V\u1ec1 Hansia"},"content":{"rendered":"\t\t<div data-elementor-type=\"wp-page\" data-elementor-id=\"2\" class=\"elementor elementor-2\" data-elementor-settings=\"[]\">\n\t\t\t\t\t\t\t<div class=\"elementor-section-wrap\">\n\t\t\t\t\t\t\t<section class=\"elementor-section elementor-top-section elementor-element elementor-element-f3bb81a elementor-section-full_width elementor-section-height-min-height elementor-section-height-default elementor-section-items-middle\" data-id=\"f3bb81a\" data-element_type=\"section\" data-settings=\"{&quot;background_background&quot;:&quot;classic&quot;}\">\r\n\t\t\r\n\t\t\t\t\t\t\t<div class=\"elementor-container elementor-column-gap-default\">\r\n\t\t\t\t\t\t\t\t\t\t\t<div class=\"elementor-column elementor-col-100 elementor-top-column elementor-element elementor-element-5c2f2a7\" data-id=\"5c2f2a7\" data-element_type=\"column\">\r\n\t\t\t\t\t<div class=\"elementor-widget-wrap\">\r\n\t\t\t\t\t\t\t\t\t<\/div>\r\n\t\t\t\t<\/div>\r\n\t\t\t\t\t<\/div>\r\n\t\t\t\t<\/section>\r\n\t\t\t\t<section class=\"elementor-section elementor-top-section elementor-element elementor-element-661303de elementor-section-boxed elementor-section-height-default elementor-section-height-default\" data-id=\"661303de\" data-element_type=\"section\" data-settings=\"{&quot;background_background&quot;:&quot;classic&quot;}\">\r\n\t\t\t\t\t\t<div class=\"elementor-background-overlay\"><\/div>\r\n\t\t\t\r\n\t\t\t\t\t\t\t<div class=\"elementor-container elementor-column-gap-default\">\r\n\t\t\t\t\t\t\t\t\t\t\t<div class=\"elementor-column elementor-col-50 elementor-top-column elementor-element elementor-element-5336a035\" data-id=\"5336a035\" data-element_type=\"column\">\r\n\t\t\t\t\t<div class=\"elementor-widget-wrap elementor-element-populated\">\r\n\t\t\t\t\t\t\t\t<div class=\"elementor-element elementor-element-93a5249 elementor-widget elementor-widget-spacer\" data-id=\"93a5249\" data-element_type=\"widget\" data-widget_type=\"spacer.default\">\n\t\t\t\t<div class=\"elementor-widget-container\">\n\t\t\t\t\t<div class=\"elementor-spacer\">\n\t\t\t<div class=\"elementor-spacer-inner\"><\/div>\n\t\t<\/div>\n\t\t\t\t<\/div>\n\t\t\t\t<\/div>\n\t\t\t\t<div class=\"elementor-element elementor-element-dcf8dfb elementor-widget elementor-widget-heading\" data-id=\"dcf8dfb\" data-element_type=\"widget\" data-widget_type=\"heading.default\">\n\t\t\t\t<div class=\"elementor-widget-container\">\n\t\t\t<style>\/*! elementor - v3.5.5 - 03-02-2022 *\/\n.elementor-heading-title{padding:0;margin:0;line-height:1}.elementor-widget-heading .elementor-heading-title[class*=elementor-size-]>a{color:inherit;font-size:inherit;line-height:inherit}.elementor-widget-heading .elementor-heading-title.elementor-size-small{font-size:15px}.elementor-widget-heading .elementor-heading-title.elementor-size-medium{font-size:19px}.elementor-widget-heading .elementor-heading-title.elementor-size-large{font-size:29px}.elementor-widget-heading .elementor-heading-title.elementor-size-xl{font-size:39px}.elementor-widget-heading .elementor-heading-title.elementor-size-xxl{font-size:59px}<\/style><h1 class=\"elementor-heading-title elementor-size-default\">C\u00c2U CHUY\u1ec6N V\u1ec0 HANSIA!<\/h1>\t\t<\/div>\n\t\t\t\t<\/div>\n\t\t\t\t<div class=\"elementor-element elementor-element-ffa20d0 elementor-widget elementor-widget-text-editor\" data-id=\"ffa20d0\" data-element_type=\"widget\" data-widget_type=\"text-editor.default\">\n\t\t\t\t<div class=\"elementor-widget-container\">\n\t\t\t<style>\/*! elementor - v3.5.5 - 03-02-2022 *\/\n.elementor-widget-text-editor.elementor-drop-cap-view-stacked .elementor-drop-cap{background-color:#818a91;color:#fff}.elementor-widget-text-editor.elementor-drop-cap-view-framed .elementor-drop-cap{color:#818a91;border:3px solid;background-color:transparent}.elementor-widget-text-editor:not(.elementor-drop-cap-view-default) .elementor-drop-cap{margin-top:8px}.elementor-widget-text-editor:not(.elementor-drop-cap-view-default) .elementor-drop-cap-letter{width:1em;height:1em}.elementor-widget-text-editor .elementor-drop-cap{float:left;text-align:center;line-height:1;font-size:50px}.elementor-widget-text-editor .elementor-drop-cap-letter{display:inline-block}<\/style>\t\t\t\t<!-- wp:paragraph -->\n<p>C\u00f4ng ty C\u1ed5 ph\u1ea7n B\u00e1n l\u1ebb Hanfimex tr\u1ef1c thu\u1ed9c T\u1eadp \u0111o\u00e0n Hanfimex Vi\u1ec7t Nam &#8211; T\u1eadp \u0111o\u00e0n s\u1ea3n xu\u1ea5t v\u00e0 xu\u1ea5t kh\u1ea9u n\u00f4ng s\u1ea3n h\u00e0ng \u0111\u1ea7u t\u1edbi h\u01a1n <strong>50 qu\u1ed1c gia<\/strong> tr\u00ean to\u00e0n th\u1ebf gi\u1edbi. Trong su\u1ed1t h\u01a1n 20 n\u0103m, HANFIMEX lu\u00f4n kh\u00f4ng ng\u1eebng n\u1ed7 l\u1ef1c ho\u00e0n thi\u1ec7n quy tr\u00ecnh nu\u00f4i tr\u1ed3ng, s\u1ea3n xu\u1ea5t, cung \u1ee9ng ph\u00f9 h\u1ee3p v\u1edbi ti\u00eau chu\u1ea9n ch\u1ea5t l\u01b0\u1ee3ng v\u00e0 tr\u00e1ch nhi\u1ec7m to\u00e0n c\u1ea7u. Ch\u00fang t\u00f4i t\u1ef1 h\u00e0o tr\u1edf th\u00e0nh doanh nghi\u1ec7p ti\u00ean phong theo 6F Concept*: Fresh Farm &#8211; Fair Factory &#8211; Fine Food, v\u1edbi kh\u00e1t v\u1ecdng t\u1ea1o ra chu\u1ed7i th\u1ef1c ph\u1ea9m b\u1ec1n v\u1eefng tr\u00ean to\u00e0n c\u1ea7u.<\/p>\n<!-- \/wp:paragraph --><!-- wp:quote {\"translatedWithWPMLTM\":\"1\"} --><!-- \/wp:paragraph -->\t\t\t\t\t\t<\/div>\n\t\t\t\t<\/div>\n\t\t\t\t<div class=\"elementor-element elementor-element-c7a822f elementor-widget elementor-widget-text-editor\" data-id=\"c7a822f\" data-element_type=\"widget\" data-widget_type=\"text-editor.default\">\n\t\t\t\t<div class=\"elementor-widget-container\">\n\t\t\t\t\t\t\t<!-- wp:paragraph -->\n<p>HANSIA l\u00e0 th\u01b0\u01a1ng hi\u1ec7u chuy\u00ean ph\u00e2n ph\u1ed1i c\u00e1c s\u1ea3n ph\u1ea9m dinh d\u01b0\u1ee1ng theo xu h\u01b0\u1edbng l\u1ed1i s\u1ed1ng l\u00e0nh m\u1ea1nh. T\u1ef1 h\u00e0o tr\u1edf th\u00e0nh th\u01b0\u01a1ng hi\u1ec7u ti\u00ean phong theo 6F Concept: Fresh Farm &#8211; Fair Factory &#8211; Fine Food, Hansia ra \u0111\u1eddi v\u1edbi mong mu\u1ed1n t\u1ea1o ra nh\u1eefng b\u1eefa \u0103n nhi\u1ec1u dinh d\u01b0\u1ee1ng v\u00e0 t\u1ed1t cho s\u1ee9c kh\u1ecfe ng\u01b0\u1eddi ti\u00eau d\u00f9ng b\u1eb1ng vi\u1ec7c ki\u1ec3m so\u00e1t ngu\u1ed3n nguy\u00ean li\u1ec7u ch\u1ea5t l\u01b0\u1ee3ng cao t\u1eeb V\u01b0\u1eddn \u01b0\u01a1m (Fresh Farm) \u0111\u1ebfn B\u1eefa \u0103n (Fine Food) c\u1ee7a ng\u01b0\u1eddi ti\u00eau d\u00f9ng.<\/p>\n<!-- \/wp:paragraph --><!-- wp:quote {\"translatedWithWPMLTM\":\"1\"} --><!-- \/wp:paragraph -->\t\t\t\t\t\t<\/div>\n\t\t\t\t<\/div>\n\t\t\t\t<div class=\"elementor-element elementor-element-f5d97a0 elementor-widget elementor-widget-text-editor\" data-id=\"f5d97a0\" data-element_type=\"widget\" data-widget_type=\"text-editor.default\">\n\t\t\t\t<div class=\"elementor-widget-container\">\n\t\t\t\t\t\t\t<!-- wp:paragraph -->\n<p>M\u1ed7i s\u1ea3n ph\u1ea9m c\u1ee7a Hansia \u0111\u1ec1u \u0111\u01b0\u1ee3c l\u1ef1a ch\u1ecdn v\u00e0 thu ho\u1ea1ch tr\u1ef1c ti\u1ebfp t\u1eeb nh\u1eefng v\u00f9ng nguy\u00ean li\u1ec7u h\u1eefu c\u01a1 c\u1ee7a t\u1eadp \u0111o\u00e0n Hanfimex Vi\u1ec7t Nam v\u00e0 nh\u1eefng v\u00f9ng nguy\u00ean li\u1ec7u ch\u1ea5t l\u01b0\u1ee3ng cao tr\u00ean kh\u1eafp th\u1ebf gi\u1edbi, tr\u01b0\u1edbc khi \u0111\u01b0a v\u00e0o s\u1ea3n xu\u1ea5t v\u00e0 ch\u1ebf bi\u1ebfn theo ti\u00eau chu\u1ea9n to\u00e0n c\u1ea7u v\u1ec1 an to\u00e0n v\u1ec7 sinh th\u1ef1c ph\u1ea9m BRC c\u1ee7a Hi\u1ec7p h\u1ed9i b\u00e1n l\u1ebb Anh Qu\u1ed1c. V\u1edbi mong mu\u1ed1n tr\u1edf th\u00e0nh doanh nghi\u1ec7p v\u00ec s\u1ee9c kh\u1ecfe ng\u01b0\u1eddi ti\u00eau d\u00f9ng Vi\u1ec7t Nam, s\u1ea3n ph\u1ea9m c\u1ee7a Hansia cam k\u1ebft kh\u00f4ng s\u1eed d\u1ee5ng d\u1ea7u chi\u00ean, \u0111\u1ed3ng th\u1eddi gi\u1eef tr\u1ecdn v\u1eb9n gi\u00e1 tr\u1ecb dinh d\u01b0\u1ee1ng.<\/p>\n<!-- \/wp:paragraph --><!-- wp:quote {\"translatedWithWPMLTM\":\"1\"} --><!-- \/wp:paragraph -->\t\t\t\t\t\t<\/div>\n\t\t\t\t<\/div>\n\t\t\t\t\t<\/div>\r\n\t\t\t\t<\/div>\r\n\t\t\t\t<div class=\"elementor-column elementor-col-50 elementor-top-column elementor-element elementor-element-d84d4e7\" data-id=\"d84d4e7\" data-element_type=\"column\">\r\n\t\t\t\t\t<div class=\"elementor-widget-wrap elementor-element-populated\">\r\n\t\t\t\t\t\t\t\t<div class=\"elementor-element elementor-element-8421e31 elementor-widget elementor-widget-spacer\" data-id=\"8421e31\" data-element_type=\"widget\" data-widget_type=\"spacer.default\">\n\t\t\t\t<div class=\"elementor-widget-container\">\n\t\t\t\t\t<div class=\"elementor-spacer\">\n\t\t\t<div class=\"elementor-spacer-inner\"><\/div>\n\t\t<\/div>\n\t\t\t\t<\/div>\n\t\t\t\t<\/div>\n\t\t\t\t\t<\/div>\r\n\t\t\t\t<\/div>\r\n\t\t\t\t\t<\/div>\r\n\t\t\t\t<\/section>\r\n\t\t\t\t<section class=\"elementor-section elementor-top-section elementor-element elementor-element-28cea9b elementor-section-height-full elementor-section-boxed elementor-section-height-default elementor-section-items-middle\" data-id=\"28cea9b\" data-element_type=\"section\" data-settings=\"{&quot;background_background&quot;:&quot;classic&quot;}\">\r\n\t\t\t\t\t\t<div class=\"elementor-background-overlay\"><\/div>\r\n\t\t\t\r\n\t\t\t\t\t\t\t<div class=\"elementor-container elementor-column-gap-default\">\r\n\t\t\t\t\t\t\t\t\t\t\t<div class=\"elementor-column elementor-col-100 elementor-top-column elementor-element elementor-element-c20c423\" data-id=\"c20c423\" data-element_type=\"column\">\r\n\t\t\t\t\t<div class=\"elementor-widget-wrap elementor-element-populated\">\r\n\t\t\t\t\t\t\t\t<section class=\"elementor-section elementor-inner-section elementor-element elementor-element-e28a642 elementor-section-boxed elementor-section-height-default elementor-section-height-default\" data-id=\"e28a642\" data-element_type=\"section\">\r\n\t\t\r\n\t\t\t\t\t\t\t<div class=\"elementor-container elementor-column-gap-default\">\r\n\t\t\t\t\t\t\t\t\t\t\t<div class=\"elementor-column elementor-col-100 elementor-inner-column elementor-element elementor-element-8c3f419\" data-id=\"8c3f419\" data-element_type=\"column\">\r\n\t\t\t\t\t<div class=\"elementor-widget-wrap elementor-element-populated\">\r\n\t\t\t\t\t\t\t\t<div class=\"elementor-element elementor-element-78f0720 elementor-widget elementor-widget-heading\" data-id=\"78f0720\" data-element_type=\"widget\" data-widget_type=\"heading.default\">\n\t\t\t\t<div class=\"elementor-widget-container\">\n\t\t\t<h2 class=\"elementor-heading-title elementor-size-default\">V\u00ec sao ch\u1ecdn ch\u00fang t\u00f4i?<\/h2>\t\t<\/div>\n\t\t\t\t<\/div>\n\t\t\t\t<div class=\"elementor-element elementor-element-710b918 elementor-widget elementor-widget-spacer\" data-id=\"710b918\" data-element_type=\"widget\" data-widget_type=\"spacer.default\">\n\t\t\t\t<div class=\"elementor-widget-container\">\n\t\t\t\t\t<div class=\"elementor-spacer\">\n\t\t\t<div class=\"elementor-spacer-inner\"><\/div>\n\t\t<\/div>\n\t\t\t\t<\/div>\n\t\t\t\t<\/div>\n\t\t\t\t\t<\/div>\r\n\t\t\t\t<\/div>\r\n\t\t\t\t\t<\/div>\r\n\t\t\t\t<\/section>\r\n\t\t\t\t<section class=\"elementor-section elementor-inner-section elementor-element elementor-element-a920a1e elementor-section-boxed elementor-section-height-default elementor-section-height-default elementor-invisible\" data-id=\"a920a1e\" data-element_type=\"section\" data-settings=\"{&quot;animation&quot;:&quot;fadeInUp&quot;}\">\r\n\t\t\r\n\t\t\t\t\t\t\t<div class=\"elementor-container elementor-column-gap-no\">\r\n\t\t\t\t\t\t\t\t\t\t\t<div class=\"elementor-column elementor-col-50 elementor-inner-column elementor-element elementor-element-bffd4e1\" data-id=\"bffd4e1\" data-element_type=\"column\">\r\n\t\t\t\t\t<div class=\"elementor-widget-wrap elementor-element-populated\">\r\n\t\t\t\t\t\t\t\t<section class=\"elementor-section elementor-inner-section elementor-element elementor-element-f5593e8 elementor-section-boxed elementor-section-height-default elementor-section-height-default\" data-id=\"f5593e8\" data-element_type=\"section\">\r\n\t\t\r\n\t\t\t\t\t\t\t<div class=\"elementor-container elementor-column-gap-default\">\r\n\t\t\t\t\t\t\t\t\t\t\t<div class=\"elementor-column elementor-col-100 elementor-inner-column elementor-element elementor-element-a4b015d\" data-id=\"a4b015d\" data-element_type=\"column\">\r\n\t\t\t\t\t<div class=\"elementor-widget-wrap elementor-element-populated\">\r\n\t\t\t\t\t\t\t\t<div class=\"elementor-element elementor-element-993882e elementor-view-default elementor-widget elementor-widget-icon\" data-id=\"993882e\" data-element_type=\"widget\" data-widget_type=\"icon.default\">\n\t\t\t\t<div class=\"elementor-widget-container\">\n\t\t\t\t\t<div class=\"elementor-icon-wrapper\">\n\t\t\t<div class=\"elementor-icon\">\n\t\t\t<i aria-hidden=\"true\" class=\"far fa-handshake\"><\/i>\t\t\t<\/div>\n\t\t<\/div>\n\t\t\t\t<\/div>\n\t\t\t\t<\/div>\n\t\t\t\t<div class=\"elementor-element elementor-element-63afb77 elementor-widget elementor-widget-text-editor\" data-id=\"63afb77\" data-element_type=\"widget\" data-widget_type=\"text-editor.default\">\n\t\t\t\t<div class=\"elementor-widget-container\">\n\t\t\t\t\t\t\t<p>Cam k\u1ebft v\u1edbi tr\u00e1ch nhi\u1ec7m x\u00e3 h\u1ed9i<\/p>\t\t\t\t\t\t<\/div>\n\t\t\t\t<\/div>\n\t\t\t\t<div class=\"elementor-element elementor-element-7007c11 elementor-widget elementor-widget-text-editor\" data-id=\"7007c11\" data-element_type=\"widget\" data-widget_type=\"text-editor.default\">\n\t\t\t\t<div class=\"elementor-widget-container\">\n\t\t\t\t\t\t\t<p>S\u1eed d\u1ee5ng s\u1ea3n ph\u1ea9m c\u1ee7a HANSIA c\u00f3 ch\u1ee9ng nh\u1eadn SMETA (Sedex Member Ethical Trade Audit) \u0111\u00f3ng g\u00f3p v\u00e0o c\u1ea3i thi\u1ec7n cu\u1ed9c s\u1ed1ng c\u1ee7a ng\u01b0\u1eddi n\u00f4ng d\u00e2n, c\u00f4ng nh\u00e2n v\u00e0 \u0111\u1ea3m b\u1ea3o s\u1ef1 ph\u00e1t tri\u1ec3n b\u1ec1n v\u1eefng c\u1ee7a m\u00f4i tr\u01b0\u1eddng.<\/p>\t\t\t\t\t\t<\/div>\n\t\t\t\t<\/div>\n\t\t\t\t\t<\/div>\r\n\t\t\t\t<\/div>\r\n\t\t\t\t\t<\/div>\r\n\t\t\t\t<\/section>\r\n\t\t\t\t\t<\/div>\r\n\t\t\t\t<\/div>\r\n\t\t\t\t<div class=\"elementor-column elementor-col-50 elementor-inner-column elementor-element elementor-element-3a8ccb9\" data-id=\"3a8ccb9\" data-element_type=\"column\">\r\n\t\t\t\t\t<div class=\"elementor-widget-wrap elementor-element-populated\">\r\n\t\t\t\t\t\t\t\t<section class=\"elementor-section elementor-inner-section elementor-element elementor-element-de95456 elementor-section-boxed elementor-section-height-default elementor-section-height-default\" data-id=\"de95456\" data-element_type=\"section\">\r\n\t\t\r\n\t\t\t\t\t\t\t<div class=\"elementor-container elementor-column-gap-default\">\r\n\t\t\t\t\t\t\t\t\t\t\t<div class=\"elementor-column elementor-col-100 elementor-inner-column elementor-element elementor-element-efbfb81\" data-id=\"efbfb81\" data-element_type=\"column\">\r\n\t\t\t\t\t<div class=\"elementor-widget-wrap elementor-element-populated\">\r\n\t\t\t\t\t\t\t\t<div class=\"elementor-element elementor-element-d4708da elementor-view-default elementor-widget elementor-widget-icon\" data-id=\"d4708da\" data-element_type=\"widget\" data-widget_type=\"icon.default\">\n\t\t\t\t<div class=\"elementor-widget-container\">\n\t\t\t\t\t<div class=\"elementor-icon-wrapper\">\n\t\t\t<div class=\"elementor-icon\">\n\t\t\t<i aria-hidden=\"true\" class=\"  porto-icon-comida-organica\"><\/i>\t\t\t<\/div>\n\t\t<\/div>\n\t\t\t\t<\/div>\n\t\t\t\t<\/div>\n\t\t\t\t<div class=\"elementor-element elementor-element-29e6ef1 elementor-widget elementor-widget-text-editor\" data-id=\"29e6ef1\" data-element_type=\"widget\" data-widget_type=\"text-editor.default\">\n\t\t\t\t<div class=\"elementor-widget-container\">\n\t\t\t\t\t\t\t<p>\u0110\u1ea3m b\u1ea3o minh b\u1ea1ch ngu\u1ed3n g\u1ed1c xu\u1ea5t x\u1ee9 v\u00e0 ch\u1ea5t l\u01b0\u1ee3ng s\u1ea3n ph\u1ea9m<\/p>\t\t\t\t\t\t<\/div>\n\t\t\t\t<\/div>\n\t\t\t\t<div class=\"elementor-element elementor-element-682de12 elementor-widget elementor-widget-text-editor\" data-id=\"682de12\" data-element_type=\"widget\" data-widget_type=\"text-editor.default\">\n\t\t\t\t<div class=\"elementor-widget-container\">\n\t\t\t\t\t\t\t<p>6F concept \u0111\u1ea3m b\u1ea3o ch\u1ea5t l\u01b0\u1ee3ng t\u1eeb V\u01b0\u1eddn \u01b0\u01a1m (Fresh Farm) \u0111\u1ebfn b\u1eefa \u0103n (Fine Food) c\u1ee7a ng\u01b0\u1eddi ti\u00eau d\u00f9ng th\u00f4ng qua nh\u00e0 m\u00e1y c\u00f4ng ngh\u1ec7 ch\u00e2u \u00c2u (Fair Factory).<\/p>\t\t\t\t\t\t<\/div>\n\t\t\t\t<\/div>\n\t\t\t\t\t<\/div>\r\n\t\t\t\t<\/div>\r\n\t\t\t\t\t<\/div>\r\n\t\t\t\t<\/section>\r\n\t\t\t\t\t<\/div>\r\n\t\t\t\t<\/div>\r\n\t\t\t\t\t<\/div>\r\n\t\t\t\t<\/section>\r\n\t\t\t\t<section class=\"elementor-section elementor-inner-section elementor-element elementor-element-78393f8 elementor-section-boxed elementor-section-height-default elementor-section-height-default elementor-invisible\" data-id=\"78393f8\" data-element_type=\"section\" data-settings=\"{&quot;animation&quot;:&quot;fadeInUp&quot;}\">\r\n\t\t\r\n\t\t\t\t\t\t\t<div class=\"elementor-container elementor-column-gap-no\">\r\n\t\t\t\t\t\t\t\t\t\t\t<div class=\"elementor-column elementor-col-50 elementor-inner-column elementor-element elementor-element-b49531b\" data-id=\"b49531b\" data-element_type=\"column\">\r\n\t\t\t\t\t<div class=\"elementor-widget-wrap elementor-element-populated\">\r\n\t\t\t\t\t\t\t\t<section class=\"elementor-section elementor-inner-section elementor-element elementor-element-b2503cf elementor-section-boxed elementor-section-height-default elementor-section-height-default\" data-id=\"b2503cf\" data-element_type=\"section\">\r\n\t\t\r\n\t\t\t\t\t\t\t<div class=\"elementor-container elementor-column-gap-default\">\r\n\t\t\t\t\t\t\t\t\t\t\t<div class=\"elementor-column elementor-col-100 elementor-inner-column elementor-element elementor-element-f4e987e\" data-id=\"f4e987e\" data-element_type=\"column\">\r\n\t\t\t\t\t<div class=\"elementor-widget-wrap elementor-element-populated\">\r\n\t\t\t\t\t\t\t\t<div class=\"elementor-element elementor-element-edf64b2 elementor-view-default elementor-widget elementor-widget-icon\" data-id=\"edf64b2\" data-element_type=\"widget\" data-widget_type=\"icon.default\">\n\t\t\t\t<div class=\"elementor-widget-container\">\n\t\t\t\t\t<div class=\"elementor-icon-wrapper\">\n\t\t\t<div class=\"elementor-icon\">\n\t\t\t<i aria-hidden=\"true\" class=\"  porto-icon-gluten\"><\/i>\t\t\t<\/div>\n\t\t<\/div>\n\t\t\t\t<\/div>\n\t\t\t\t<\/div>\n\t\t\t\t<div class=\"elementor-element elementor-element-223932e elementor-widget elementor-widget-text-editor\" data-id=\"223932e\" data-element_type=\"widget\" data-widget_type=\"text-editor.default\">\n\t\t\t\t<div class=\"elementor-widget-container\">\n\t\t\t\t\t\t\t<p><span style=\"font-size: 22.4px;\">Theo \u0111u\u1ed5i kh\u00e1t v\u1ecdng mang \u0111\u1ebfn ngu\u1ed3n th\u1ef1c ph\u1ea9m s\u1ea1ch<\/span><\/p>\t\t\t\t\t\t<\/div>\n\t\t\t\t<\/div>\n\t\t\t\t<div class=\"elementor-element elementor-element-de23a2b elementor-widget elementor-widget-text-editor\" data-id=\"de23a2b\" data-element_type=\"widget\" data-widget_type=\"text-editor.default\">\n\t\t\t\t<div class=\"elementor-widget-container\">\n\t\t\t\t\t\t\t<p>Gi\u1eef nguy\u00ean gi\u00e1 tr\u1ecb dinh d\u01b0\u1ee1ng t\u1ef1 nhi\u00ean, ho\u00e0n to\u00e0n kh\u00f4ng th\u00eam c\u00e1c ch\u1ea5t ph\u1ee5 gia c\u00f3 h\u1ea1i cho s\u1ee9c kh\u1ecfe, kh\u00f4ng chi\u00ean d\u1ea7u. Nguy\u00ean li\u1ec7u \u0111\u01b0\u1ee3c ch\u1ecdn l\u1ecdc d\u1ef1a tr\u00ean ti\u00eau ch\u00ed t\u1ed1t cho s\u1ee9c kho\u1ebb c\u1ed9ng \u0111\u1ed3ng &#8220;For a healthy food chain&#8221;.<\/p>\t\t\t\t\t\t<\/div>\n\t\t\t\t<\/div>\n\t\t\t\t\t<\/div>\r\n\t\t\t\t<\/div>\r\n\t\t\t\t\t<\/div>\r\n\t\t\t\t<\/section>\r\n\t\t\t\t\t<\/div>\r\n\t\t\t\t<\/div>\r\n\t\t\t\t<div class=\"elementor-column elementor-col-50 elementor-inner-column elementor-element elementor-element-07b48ff\" data-id=\"07b48ff\" data-element_type=\"column\">\r\n\t\t\t\t\t<div class=\"elementor-widget-wrap elementor-element-populated\">\r\n\t\t\t\t\t\t\t\t<section class=\"elementor-section elementor-inner-section elementor-element elementor-element-ca932a2 elementor-section-boxed elementor-section-height-default elementor-section-height-default\" data-id=\"ca932a2\" data-element_type=\"section\">\r\n\t\t\r\n\t\t\t\t\t\t\t<div class=\"elementor-container elementor-column-gap-default\">\r\n\t\t\t\t\t\t\t\t\t\t\t<div class=\"elementor-column elementor-col-100 elementor-inner-column elementor-element elementor-element-c858f00\" data-id=\"c858f00\" data-element_type=\"column\">\r\n\t\t\t\t\t<div class=\"elementor-widget-wrap elementor-element-populated\">\r\n\t\t\t\t\t\t\t\t<div class=\"elementor-element elementor-element-b213036 elementor-view-default elementor-widget elementor-widget-icon\" data-id=\"b213036\" data-element_type=\"widget\" data-widget_type=\"icon.default\">\n\t\t\t\t<div class=\"elementor-widget-container\">\n\t\t\t\t\t<div class=\"elementor-icon-wrapper\">\n\t\t\t<div class=\"elementor-icon\">\n\t\t\t<i aria-hidden=\"true\" class=\"fas fa-globe-americas\"><\/i>\t\t\t<\/div>\n\t\t<\/div>\n\t\t\t\t<\/div>\n\t\t\t\t<\/div>\n\t\t\t\t<div class=\"elementor-element elementor-element-88ebdde elementor-widget elementor-widget-text-editor\" data-id=\"88ebdde\" data-element_type=\"widget\" data-widget_type=\"text-editor.default\">\n\t\t\t\t<div class=\"elementor-widget-container\">\n\t\t\t\t\t\t\t<p>T\u1ef1 h\u00e0o l\u00e0 doanh nghi\u1ec7p xu\u1ea5t nh\u1eadp kh\u1ea9u h\u00e0ng \u0111\u1ea7u Vi\u1ec7t Nam trong l\u0129nh v\u1ef1c n\u00f4ng s\u1ea3n<\/p>\t\t\t\t\t\t<\/div>\n\t\t\t\t<\/div>\n\t\t\t\t<div class=\"elementor-element elementor-element-9240455 elementor-widget elementor-widget-text-editor\" data-id=\"9240455\" data-element_type=\"widget\" data-widget_type=\"text-editor.default\">\n\t\t\t\t<div class=\"elementor-widget-container\">\n\t\t\t\t\t\t\t<p>V\u1edbi 20 n\u0103m kinh nghi\u1ec7m, Hanfimex \u0111\u00e3 \u0111\u1ea1t nhi\u1ec1u th\u00e0nh c\u00f4ng tr\u00ean th\u1ecb tr\u01b0\u1eddng qu\u1ed1c t\u1ebf, \u0111\u01b0\u1ee3c c\u00f4ng nh\u1eadn b\u1edfi nhi\u1ec1u t\u1ed5 ch\u1ee9c tr\u00ean th\u1ebf gi\u1edbi v\u1edbi c\u00e1c ch\u1ee9ng ch\u1ec9 BRC, SMETA, FAIR TRADE, HALAL, KOSHER, SA8000, HACCP, ISO.<\/p>\t\t\t\t\t\t<\/div>\n\t\t\t\t<\/div>\n\t\t\t\t\t<\/div>\r\n\t\t\t\t<\/div>\r\n\t\t\t\t\t<\/div>\r\n\t\t\t\t<\/section>\r\n\t\t\t\t\t<\/div>\r\n\t\t\t\t<\/div>\r\n\t\t\t\t\t<\/div>\r\n\t\t\t\t<\/section>\r\n\t\t\t\t\t<\/div>\r\n\t\t\t\t<\/div>\r\n\t\t\t\t\t<\/div>\r\n\t\t\t\t<\/section>\r\n\t\t\t\t<section class=\"elementor-section elementor-top-section elementor-element elementor-element-80ce6e5 elementor-section-boxed elementor-section-height-default elementor-section-height-default\" data-id=\"80ce6e5\" data-element_type=\"section\">\r\n\t\t\r\n\t\t\t\t\t\t\t<div class=\"elementor-container elementor-column-gap-default\">\r\n\t\t\t\t\t\t\t\t\t\t\t<div class=\"elementor-column elementor-col-100 elementor-top-column elementor-element elementor-element-aa8cd76\" data-id=\"aa8cd76\" data-element_type=\"column\">\r\n\t\t\t\t\t<div class=\"elementor-widget-wrap elementor-element-populated\">\r\n\t\t\t\t\t\t\t\t<div class=\"elementor-element elementor-element-92bd636 elementor-align-center elementor-widget elementor-widget-button\" data-id=\"92bd636\" data-element_type=\"widget\" data-widget_type=\"button.default\">\n\t\t\t\t<div class=\"elementor-widget-container\">\n\t\t\t\t\t<div class=\"elementor-button-wrapper\">\n\t\t\t<a href=\"https:\/\/hanfimexretail.vn\/?post_type=product\" class=\"elementor-button-link elementor-button elementor-size-lg\" role=\"button\">\n\t\t\t\t\t\t<span class=\"elementor-button-content-wrapper\">\n\t\t\t\t\t\t<span class=\"elementor-button-text\">\u0110\u1ebeN C\u1eecA H\u00c0NG<\/span>\n\t\t<\/span>\n\t\t\t\t\t<\/a>\n\t\t<\/div>\n\t\t\t\t<\/div>\n\t\t\t\t<\/div>\n\t\t\t\t\t<\/div>\r\n\t\t\t\t<\/div>\r\n\t\t\t\t\t<\/div>\r\n\t\t\t\t<\/section>\r\n\t\t\t\t\t\t<\/div>\n\t\t\t\t\t<\/div>\n\t\t","protected":false},"excerpt":{"rendered":"<p>C\u00c2U CHUY\u1ec6N V\u1ec0 HANSIA! C\u00f4ng ty C\u1ed5 ph\u1ea7n B\u00e1n l\u1ebb Hanfimex tr\u1ef1c thu\u1ed9c T\u1eadp \u0111o\u00e0n Hanfimex Vi\u1ec7t Nam &#8211; T\u1eadp \u0111o\u00e0n s\u1ea3n xu\u1ea5t v\u00e0 xu\u1ea5t kh\u1ea9u n\u00f4ng s\u1ea3n h\u00e0ng \u0111\u1ea7u t\u1edbi h\u01a1n 50 qu\u1ed1c gia tr\u00ean to\u00e0n th\u1ebf gi\u1edbi. Trong su\u1ed1t h\u01a1n 20 n\u0103m, HANFIMEX lu\u00f4n kh\u00f4ng ng\u1eebng n\u1ed7 l\u1ef1c ho\u00e0n thi\u1ec7n quy tr\u00ecnh nu\u00f4i [&hellip;]<\/p>\n","protected":false},"author":1,"featured_media":0,"parent":0,"menu_order":0,"comment_status":"closed","ping_status":"closed","template":"","meta":[],"_links":{"self":[{"href":"https:\/\/hanfimexretail.vn\/index.php?rest_route=\/wp\/v2\/pages\/2"}],"collection":[{"href":"https:\/\/hanfimexretail.vn\/index.php?rest_route=\/wp\/v2\/pages"}],"about":[{"href":"https:\/\/hanfimexretail.vn\/index.php?rest_route=\/wp\/v2\/types\/page"}],"author":[{"embeddable":true,"href":"https:\/\/hanfimexretail.vn\/index.php?rest_route=\/wp\/v2\/users\/1"}],"replies":[{"embeddable":true,"href":"https:\/\/hanfimexretail.vn\/index.php?rest_route=%2Fwp%2Fv2%2Fcomments&post=2"}],"version-history":[{"count":82,"href":"https:\/\/hanfimexretail.vn\/index.php?rest_route=\/wp\/v2\/pages\/2\/revisions"}],"predecessor-version":[{"id":2104,"href":"https:\/\/hanfimexretail.vn\/index.php?rest_route=\/wp\/v2\/pages\/2\/revisions\/2104"}],"wp:attachment":[{"href":"https:\/\/hanfimexretail.vn\/index.php?rest_route=%2Fwp%2Fv2%2Fmedia&parent=2"}],"curies":[{"name":"wp","href":"https:\/\/api.w.org\/{rel}","templated":true}]}}